t n = 117 - 115. Suppose -15419 = -5*o + 3*t, n*t - 7*t - 6160 = -2*o. Is o prime?
False
Suppose v + o = 40, -2*o = -v + 19 + 6. Let l = v - 28. Suppose -1966 = l*n - 14895. Is n prime?
True
Is (2/6 - 1)*6546312/(-144) a prime number?
True
Let m be 0 + 133*1*-18. Let s = 4620 + m. Suppose 0 = -3*c - 3*c + s. Is c a composite number?
True
Let d = 290 - 284. Suppose 0 = d*y - 252530 + 49478. Is y a prime number?
False
Suppose 174 = 3*l + 69. Suppose 39*i = l*i + 5444. Is i prime?
True
Let j(v) = -v**3 - 7*v**2 + 17*v - 14. Let i be j(-9). Let u be i/(-25)*10*1. Suppose g - 5*p = 2086, u*g - 4*p = 6*g - 8320. Is g prime?
True
Let g = 7050 - 3768. Let p be g/(-12)*(1 + -3). Let m = p + -136. Is m a composite number?
True
Let j = 67766 + 43695. Is j prime?
False
Suppose 0 = -5*x - 5*n + 35, -8*n + 26 = 2*x - 3*n. Suppose -8*p + x*p - 22075 = 0. Let g = 6236 + p. Is g composite?
True
Let w = -5 - -14. Let t be 758 + 3/(w/6). Suppose -4663 = -11*u + t. Is u a composite number?
True
Let a(g) = 2*g**2 + 15*g - 39. Let i be 3 + 27 + 5 + (-3)/(-1). Is a(i) a prime number?
False
Suppose 5470 = -8*u - 7954. Let j = -298 - u. Let m = -703 + j. Is m a prime number?
True
Let y be (-8)/(-16)*(5 + -1). Let v(m) = 47*m**y - 15*m**2 + 2 + 8*m**2 + 25*m**2 - 6*m. Is v(-5) composite?
False
Let f(y) = 12*y**3 + 8*y**2 - 18*y + 7. Suppose 0 = -36*z + 158 + 58. Is f(z) a prime number?
False
Let a = -168 + 170. Is (5716 + a + -4)/2 a composite number?
False
Let k = -449 + 452. Suppose 4*f + 38955 = k*h, 11*h - 15*h + 51965 = 3*f. Is h a prime number?
False
Suppose -3*h - 3*o - 2919 + 921 = 0, -h = -5*o + 654. Suppose -8*j = -5*j - 3603. Let x = h + j. Is x prime?
False
Is 7/(-2)*(-67071174)/483 a composite number?
False
Let x(z) be the third derivative of z**6/120 - z**5/20 - z**4/12 + z**3/2 - z**2 + 3. Let g(f) = -f**3 - f**2 + 5*f + 4. Let p be g(-3). Is x(p) composite?
True
Suppose 398968 + 60525 = 3*m + 4*d, -765841 = -5*m + 3*d. Is m a prime number?
False
Let z = 166967 + 346659. Is z a composite number?
True
Let v be 12/(-9)*9/(-4). Suppose 0 = -y - 5, 3*y - y = -v*z + 8771. Is z composite?
False
Suppose 41*r + 3339110 = 51*r. Is r prime?
True
Suppose 0 = 2*x + 2 - 8. Suppose -5*n + 1974 = -2*n + c, 0 = x*n + 3*c - 1968. Is n a composite number?
False
Let q be (-6)/(-3)*25/20*4430. Suppose -3*h + 5*f - 4*f + q = 0, 3*h + 5*f - 11063 = 0. Is h composite?
False
Let n(v) = 4341*v**3 - 4*v**2 + 2*v + 4. Let p be n(2). Let d = p - 19707. Is d a composite number?
False
Let h = 400050 + -199613. Is h prime?
True
Let w = 1664 + 119. Let u = -1000 - 154. Let h = w + u. Is h a composite number?
True
Suppose 0*a = -10*a - 50. Let k = -16 + 36. Is 1*k/a + 925 prime?
False
Let p be (-48)/(-216) + 61/9. Let t = -4 + p. Suppose -4*b + t*b + 191 = 0. Is b composite?
False
Let v = 20674 + -13271. Is v prime?
False
Is (440/(-60) + 7)*-420507 composite?
True
Suppose 3*v + 513703 = 4*c, 2*c - 37*v + 41*v - 256890 = 0. Is c composite?
False
Let k be -1 + 1 + (-5)/1. Let u be (k + -9 - -2) + 0. Is (-3)/u - (2429/(-4))/7 prime?
False
Let i = 108228 + 17101. Is i a composite number?
False
Let g be (9/(-6))/((-45)/12 - -3). Suppose g*c - 2 = 4*c. Is (-53)/((2 - 1)/c) a composite number?
False
Let n(k) = 59*k + 2. Let x be n(0). Suppose -5*g - 11799 = -x*i, 0 = 9*i - 12*i - g + 17690. Is i prime?
True
Let t(w) be the first derivative of 42*w**2 + 17*w - 61. Is t(6) prime?
True
Let z = 20719 - 11757. Is z a prime number?
False
Let v(r) = 4172*r**2 + 11*r - 22. Is v(5) a composite number?
True
Suppose -d + 1388065 = 14*d - 8*d. Is d a composite number?
True
Suppose -3*w - 2*c = -8*w - 58, 0 = 2*c - 8. Is 68/85 + (-13722)/w prime?
True
Suppose -3*j + 18 = -j + p, 0 = 3*j + 3*p - 33. Let q(w) = -w**2 + 4*w + 21. Let g be q(j). Suppose -u + 536 - 69 = g. Is u a composite number?
False
Suppose 50*v - 2*z + 7 = 45*v, -v - 5*z = -4. Let j(d) = -992*d**3 - 1 + 121*d**3 - d**2 + 3*d - 5*d. Is j(v) composite?
True
Let u = -49689 - -98553. Suppose -9150 + u = 6*o. Is o composite?
False
Let k(c) = c**2 - 24*c + 139. Let r be k(15). Suppose 10*z - 6*z = -r*g + 152, -g + 4*z + 63 = 0. Is g a prime number?
True
Suppose 7*b - 683887 = -2*d + 553210, -4*d - 2*b + 2474134 = 0. Is d composite?
True
Suppose 2*u - 4*u + 6 = 2*h, 5*u + 3 = h. Suppose 5580 = 6*j + h*j. Suppose -n + j = -3*y, 0*n - 1255 = -2*n + y. Is n a composite number?
True
Suppose 4*n = 5*c - 15, n + 0 + 4 = c. Is (-528)/(-16)*(1317/(-9))/c composite?
True
Let n be (-28231)/(-9) + 2/9. Let k = -7461 - -7461. Suppose k*l = l - n. Is l prime?
True
Suppose -159 = -24*c - 39. Suppose 4*i - 3039 = 12*o - 15*o, c*o - 5042 = i. Is o a composite number?
False
Let z = 127474 + 488947. Is z composite?
True
Suppose -1432931 = 17*h - 7348404. Is h a prime number?
True
Let p = 16241 - 29153. Let w = 18185 + p. Is w a prime number?
True
Let d = -146 + 81. Let j = d - -127. Let x = -23 + j. Is x a composite number?
True
Let n = 78 - 72. Let p be (-54188)/(-68) - n/(-51). Let k = p - -2424. Is k a prime number?
True
Suppose -2*d + 24014 = -4*d - 3*h, 0 = -2*h + 8. Let s = -6116 - d. Is s a composite number?
False
Let j be (3590/(-15))/((30/216)/5). Let q = j - -14725. Is q a composite number?
True
Let l(y) = -y**2 + 3*y + 4. Let p be l(4). Let r(s) = -210*s + 2313. Let w be r(11). Suppose p = h + i - 6*i - 1167, 0 = w*i + 6. Is h a composite number?
True
Let m(a) = -85*a - 266. Let z(u) = -u**2 + 12*u + 120. Let t be z(19). Is m(t) prime?
True
Let m(b) = -2037*b**3 + b**2. Let q(f) = f**3. Let w(s) = -m(s) + 5*q(s). Is w(1) a prime number?
False
Suppose 51*m + 45*m - 151744416 = 0. Is m composite?
False
Is -1*(-460528 + -21 + 48) a composite number?
True
Let g = 26103 + -12844. Is g a prime number?
True
Let u(i) = 2*i + 23. Let n be u(-18). Let w = n + 76. Let d = 334 + w. Is d composite?
False
Suppose -1763*r - 227586 = -1929*r. Is r composite?
True
Let y(w) = 11562*w - 46. Let a be y(5). Let f = a + -37443. Is f prime?
False
Suppose 19*z = 20*z - 4. Is (z + 19)*(319 + -4 - -2) composite?
True
Suppose -5*f - 40334 - 95846 = -5*t, -2*t + 3*f + 54469 = 0. Is t composite?
False
Let m be (-2)/(4/38)*-21. Suppose -27*z = 1832 - 428. Let y = m + z. Is y prime?
True
Is 6/(-8) + 21888448/256 prime?
False
Let z(b) = b**2 + 10*b. Let d be z(-13). Suppose d*v - 1254 = 33*v. Let y = v + 117. Is y a prime number?
False
Suppose 0 = 30*b - 21*b + 12132. Let x = b + 1945. Is x a prime number?
False
Let a = -108 + -141. Is (-19 - a)*(-42)/(-5) - -5 composite?
True
Let g = 14899 + -7832. Is g composite?
True
Let u = -4818 + 8987. Let h = u + -1990. Is h composite?
False
Let k(z) = 2732751*z**3 - 5*z**2 + 2*z + 1. Is k(1) prime?
True
Suppose -2*o - 50 = 3*o. Let p(v) = 8*v**2 + 12*v + 8. Let d be p(o). Let w = -241 + d. Is w composite?
True
Let f be 2/7 - ((-30)/7)/6. Let i be (8/(-6))/(f/(-3)). Suppose 0 = q - d - 5, 2*q - 2*d = -i*d + 30. Is q prime?
False
Let j(m) = -7*m**2 - 2*m + 3. Let r be j(-5). Let x be 1438/8*(-4)/(-3)*-3. Let n = r - x. Is n a composite number?
False
Let v(n) = 10*n**2 - 17*n + 35. Let p(u) = 3*u**2 - 6*u + 12. Let z(w) = 7*p(w) - 2*v(w). Let o be z(4). Is (-32466)/(-98) + o/7 prime?
True
Suppose 20*r + 51 = 11. Is r/19 - (-7 + (-1111584)/76) a composite number?
False
Suppose u - z + 6*z = 8, 5*u + 3*z - 40 = 0. Let l(d) = -19*d**2 + 3*d + 15. Let a be l(u). Let n = -758 - a. Is n a composite number?
False
Let n(x) = 16264*x - 4699. Is n(60) a prime number?
True
Is 60852203/2313 + (-2)/(-9) prime?
True
Let s(v) = -v + 10. Let l be s(5). Suppose x + 3*j = -2*x - 21, 2*x + l*j = -29. Is (-2 + 5/3)*(-995 - x) prime?
True
Let y(c) be the first derivative of 0*c**2 + 2/3*c**3 - 7*c + 7. Is y(3) composite?
False
Suppose 127230 = -3*z - 103206. Let l = -42593 - z. Is l composite?
True
Suppose 44*a - 8094072 = 57*a - 37*a. Is a a composite number?
True
Suppose -10*y - 904869 = -33*y + 487045. Is y a composite number?
True
Let s = -182455 - -333546. Is s a composite number?
False
Let s be (-10743)/(-23) - (-2)/(-23). Suppose 0 = 2*z + 2*a - 5828, 4*a = z - 3356 + s. Is z a composite number?
False
Let j be (-1 + 2)/((-48)/25200). Let s = -20 - j. Is s prime?
False
Suppose 1718 = -30*y + 28*y. Let x = y - -1765. Suppose -2*u + x = -196. Is u a composit